{"id":77,"date":"2020-10-07T11:10:16","date_gmt":"2020-10-07T11:10:16","guid":{"rendered":"https:\/\/sqs-pci.de\/WP\/?page_id=77"},"modified":"2024-10-18T07:46:30","modified_gmt":"2024-10-18T07:46:30","slug":"lagerverwaltung","status":"publish","type":"page","link":"https:\/\/schneider-it.systems\/index.php\/lagerverwaltung\/","title":{"rendered":"krebsregistermeldung"},"content":{"rendered":"<div id=\"txt_43\">\n<p class=\"Normal-P\"><em><strong><span class=\"Normal-C\">ONKOREGISTRAR<\/span><\/strong><\/em><img loading=\"lazy\" decoding=\"async\" class=\"wp-image-238  alignright\" src=\"https:\/\/schneider-it.systems\/wp-content\/uploads\/2024\/10\/Diag2-1.jpg\" alt=\"\" width=\"715\" height=\"513\" srcset=\"https:\/\/schneider-it.systems\/wp-content\/uploads\/2024\/10\/Diag2-1.jpg 1220w, https:\/\/schneider-it.systems\/wp-content\/uploads\/2024\/10\/Diag2-1-300x215.jpg 300w, https:\/\/schneider-it.systems\/wp-content\/uploads\/2024\/10\/Diag2-1-1024x734.jpg 1024w, https:\/\/schneider-it.systems\/wp-content\/uploads\/2024\/10\/Diag2-1-768x551.jpg 768w, https:\/\/schneider-it.systems\/wp-content\/uploads\/2024\/10\/Diag2-1-420x300.jpg 420w\" sizes=\"auto, (max-width: 715px) 100vw, 715px\" \/><\/p>\n<div class=\"Heading-P\"><span class=\"Heading-C\">OnkoRegistrar ist eine Anwendung, welche die Krebsregistermeldung vereinfacht. Das System l\u00e4uft als Anwendung in Ihrer Praxisumgebung. OnkoRegistrar kann \u00fcber eine Schnittstelle auf Ihr Arztinformationssystem zugreifen und hilft Ihnen dabei, die f\u00fcr die Meldung anstehenden Patienten zu identifizieren. Alle bereits f\u00fcr die Meldung in Ihrem Arztinformationssystem vorhandenen Daten werden nach OnkoRegistrar importiert, so dass Sie nur die f\u00fcr Meldung zus\u00e4tzlich ben\u00f6tigten Daten erg\u00e4nzen m\u00fcssen. Die Daten werden auf Vollst\u00e4ndigkeit gepr\u00fcft und dann in das f\u00fcr die \u00dcbergabe ben\u00f6tigte Format konvertiert. Die \u00dcbergabe der Daten an das Krebsregister erfolgt \u00fcber eine sichere verschl\u00fcsselte Verbindung.<br \/>\n<\/span> <span class=\"Heading-C\"><br \/>\n<\/span> <span class=\"Heading-C\">Die Landes-<wbr \/>Krebsregister setzten f\u00fcr die Krebsregistrierung den standardisierten bundeseinheitlichen onkologischen Basisdatensatz ein. <\/span><span class=\"Heading-C\">Der Basisdatensatz soll u. a. dazu dienen, in allen Bundesl\u00e4ndern und klinischen Strukturen eine vergleichbare Erfassung und Auswertung <\/span><span class=\"Heading-C\">von Krebsbehandlungen zu erm\u00f6glichen. Damit Einrichtungen gem\u00e4\u00df dem Basisdatensatz Krebsdaten an ihr zust\u00e4ndiges Landeskrebsregister \u00a0\u00fcbermitteln k\u00f6nnen, wurde die oBDS-<wbr \/>Schnittstelle \u00a0erstellt.. OnkoRegistrar verwendet die neueste Version des Basisdatensatzes und pr\u00fcft damit die Eingaben auf Vollst\u00e4ndigkeit.<br \/>\n<\/span> <span class=\"Heading-C\"><br \/>\n<\/span> <span class=\"Heading-C\">Mithilfe dieser Schnittstelle werden Meldungspakete (XML-<wbr \/>Dateien) aus OnkoRegistrar generiert, anschlie\u00dfend \u00a0werden die Meldungspakete \u00fcber den WebUpload an das jeweilige Landes-<wbr \/>Krebsregister \u00fcbermittelt.<br \/>\n<\/span> <span class=\"Body-Text-C\"><br \/>\n<\/span><\/div>\n<div class=\"Body-Text-P3\"><span class=\"Body-Text-C0\">Unsere XML-<wbr \/>Schnittstelle wurde 2024 f\u00fcr alle Landes-<wbr \/>Krebsregister zugelassen und ist ab sofort erh\u00e4ltlich.<br \/>\n<\/span><\/div>\n<\/div>\n<div><\/div>\n<div>\n<div id=\"txt_53_C01\">\n<div class=\"Normal-P\"><span class=\"Default-C\">Da unsere Software die Meldungsinformationen pro Patient auf Ihrem System speichert,, erhalten Sie automatisch ein Tumordokumentationssystem, welches \u00a0damit die Qualit\u00e4t der Versorgung \u00a0sicherstellen kann.<br \/>\n<\/span><\/div>\n<div class=\"Normal-P0\"><span class=\"Default-C\">\u00a0<\/span><\/div>\n<div class=\"Normal-P0\"><span class=\"Default-C\">Patienten-<wbr \/>Stammdaten k\u00f6nnen vom AIS\/KIS automatisch \u00fcbernommen werden. Zur Zeit unterst\u00fctzen wir GDT\/BDT, CGM-<wbr \/>Format, HL7-<wbr \/>Format und CSV. Weitere gerne auf Anfrage. <\/span><span class=\"Default-C\">Ebenso auf Anfrage k\u00f6nnen wir die Tumor-<wbr \/>relevanten Informationen aus Ihrem System herauslesen.<br \/>\n<\/span><\/div>\n<div class=\"Normal-P0\"><span class=\"Default-C\">\u00a0<\/span><\/div>\n<div class=\"Normal-P0\"><span class=\"Default-C\">* Unsere Erfassung unterst\u00fctzt Sie mit kontextsensitiven Pulldown-<wbr \/>Men\u00fcs ,um Fehleingaben zu reduzieren.<br \/>\n* Jeder Datensatz kann sofort auf Konformit\u00e4t mit dem ODBS-<wbr \/>Datenmodell gepr\u00fcft werden.<br \/>\n<\/span><span class=\"Default-C\">* F\u00fcr Eingabefelder k\u00f6nnen Auswahlmen\u00fcs abh\u00e4ngig von Ihrer Fachrichtung eingerichtet werden.<br \/>\n<\/span><\/div>\n<div class=\"Normal-P0\"><span class=\"Default-C\">* Ebenso besteht die M\u00f6glichkeit Feldeingaben automatisch durch sogenannte \u201aDefaults\u2019 vorzubelegen.<br \/>\n<\/span><span class=\"Default-C\">* Die Eingabe der Meldung kann jederzeit zwischengespeichert werden und zu anderer Gelegenheit weiterbearbeitet werden, \u00a0somit k\u00f6nnen auch<br \/>\nAufgabenteilungen je nach Qualifikation des Eingebenden realisiert werden.<br \/>\n<\/span><\/div>\n<div class=\"Normal-P0\"><span class=\"Default-C\">* Mit Hilfe von Mustermeldungen reduzieren wir Ihre Erfassungsarbeit auf ein Minimum.<br \/>\n<\/span><\/div>\n<div class=\"Normal-P0\"><\/div>\n<div class=\"Normal-P0\"><span class=\"Normal-C0\">Die Kosten halten wir gering f\u00fcr Sie: Unser Softwarepaket OnkoRegistrar beginnt bereits bei 385,-<wbr \/>\u20ac zzgl. MWSt<\/span><\/div>\n<\/div>\n<\/div>\n<div id=\"txt_43\">\n<div class=\"Body-Text-P3\"><\/div>\n<p class=\"Normal-P\"><span class=\"Normal-C0\">\u00a0<\/span><\/p>\n<\/div>\n","protected":false},"excerpt":{"rendered":"<p>ONKOREGISTRAR OnkoRegistrar ist eine Anwendung, welche die Krebsregistermeldung vereinfacht. Das System l\u00e4uft als Anwendung in Ihrer Praxisumgebung. OnkoRegistrar kann \u00fcber eine Schnittstelle auf Ihr Arztinformationssystem zugreifen und hilft Ihnen dabei, die f\u00fcr die Meldung anstehenden Patienten zu identifizieren. Alle bereits f\u00fcr die Meldung in Ihrem Arztinformationssystem vorhandenen Daten werden nach OnkoRegistrar importiert, so dass Sie nur die f\u00fcr Meldung zus\u00e4tzlich [&hellip;]<\/p>\n","protected":false},"author":1,"featured_media":0,"parent":0,"menu_order":0,"comment_status":"closed","ping_status":"closed","template":"","meta":{"footnotes":""},"class_list":["post-77","page","type-page","status-publish","hentry"],"yoast_head":"<!-- This site is optimized with the Yoast SEO plugin v27.0 - https:\/\/yoast.com\/product\/yoast-seo-wordpress\/ -->\n<title>krebsregistermeldung -<\/title>\n<meta name=\"robots\" content=\"index, follow, max-snippet:-1, max-image-preview:large, max-video-preview:-1\" \/>\n<link rel=\"canonical\" href=\"https:\/\/schneider-it.systems\/index.php\/lagerverwaltung\/\" \/>\n<meta property=\"og:locale\" content=\"de_DE\" \/>\n<meta property=\"og:type\" content=\"article\" \/>\n<meta property=\"og:title\" content=\"krebsregistermeldung -\" \/>\n<meta property=\"og:description\" content=\"ONKOREGISTRAR OnkoRegistrar ist eine Anwendung, welche die Krebsregistermeldung vereinfacht. Das System l\u00e4uft als Anwendung in Ihrer Praxisumgebung. OnkoRegistrar kann \u00fcber eine Schnittstelle auf Ihr Arztinformationssystem zugreifen und hilft Ihnen dabei, die f\u00fcr die Meldung anstehenden Patienten zu identifizieren. Alle bereits f\u00fcr die Meldung in Ihrem Arztinformationssystem vorhandenen Daten werden nach OnkoRegistrar importiert, so dass Sie nur die f\u00fcr Meldung zus\u00e4tzlich [&hellip;]\" \/>\n<meta property=\"og:url\" content=\"https:\/\/schneider-it.systems\/index.php\/lagerverwaltung\/\" \/>\n<meta property=\"article:modified_time\" content=\"2024-10-18T07:46:30+00:00\" \/>\n<meta property=\"og:image\" content=\"https:\/\/schneider-it.systems\/wp-content\/uploads\/2024\/10\/Diag2-1.jpg\" \/>\n<meta name=\"twitter:card\" content=\"summary_large_image\" \/>\n<meta name=\"twitter:label1\" content=\"Gesch\u00e4tzte Lesezeit\" \/>\n\t<meta name=\"twitter:data1\" content=\"3\u00a0Minuten\" \/>\n<script type=\"application\/ld+json\" class=\"yoast-schema-graph\">{\"@context\":\"https:\/\/schema.org\",\"@graph\":[{\"@type\":\"WebPage\",\"@id\":\"https:\/\/schneider-it.systems\/index.php\/lagerverwaltung\/\",\"url\":\"https:\/\/schneider-it.systems\/index.php\/lagerverwaltung\/\",\"name\":\"krebsregistermeldung -\",\"isPartOf\":{\"@id\":\"https:\/\/schneider-it.systems\/#website\"},\"primaryImageOfPage\":{\"@id\":\"https:\/\/schneider-it.systems\/index.php\/lagerverwaltung\/#primaryimage\"},\"image\":{\"@id\":\"https:\/\/schneider-it.systems\/index.php\/lagerverwaltung\/#primaryimage\"},\"thumbnailUrl\":\"https:\/\/schneider-it.systems\/wp-content\/uploads\/2024\/10\/Diag2-1.jpg\",\"datePublished\":\"2020-10-07T11:10:16+00:00\",\"dateModified\":\"2024-10-18T07:46:30+00:00\",\"breadcrumb\":{\"@id\":\"https:\/\/schneider-it.systems\/index.php\/lagerverwaltung\/#breadcrumb\"},\"inLanguage\":\"de\",\"potentialAction\":[{\"@type\":\"ReadAction\",\"target\":[\"https:\/\/schneider-it.systems\/index.php\/lagerverwaltung\/\"]}]},{\"@type\":\"ImageObject\",\"inLanguage\":\"de\",\"@id\":\"https:\/\/schneider-it.systems\/index.php\/lagerverwaltung\/#primaryimage\",\"url\":\"https:\/\/schneider-it.systems\/wp-content\/uploads\/2024\/10\/Diag2-1.jpg\",\"contentUrl\":\"https:\/\/schneider-it.systems\/wp-content\/uploads\/2024\/10\/Diag2-1.jpg\",\"width\":1220,\"height\":875},{\"@type\":\"BreadcrumbList\",\"@id\":\"https:\/\/schneider-it.systems\/index.php\/lagerverwaltung\/#breadcrumb\",\"itemListElement\":[{\"@type\":\"ListItem\",\"position\":1,\"name\":\"Home\",\"item\":\"https:\/\/schneider-it.systems\/\"},{\"@type\":\"ListItem\",\"position\":2,\"name\":\"krebsregistermeldung\"}]},{\"@type\":\"WebSite\",\"@id\":\"https:\/\/schneider-it.systems\/#website\",\"url\":\"https:\/\/schneider-it.systems\/\",\"name\":\"\",\"description\":\"smarte software * schnelle L\u00f6sung\",\"potentialAction\":[{\"@type\":\"SearchAction\",\"target\":{\"@type\":\"EntryPoint\",\"urlTemplate\":\"https:\/\/schneider-it.systems\/?s={search_term_string}\"},\"query-input\":{\"@type\":\"PropertyValueSpecification\",\"valueRequired\":true,\"valueName\":\"search_term_string\"}}],\"inLanguage\":\"de\"}]}<\/script>\n<!-- \/ Yoast SEO plugin. -->","yoast_head_json":{"title":"krebsregistermeldung -","robots":{"index":"index","follow":"follow","max-snippet":"max-snippet:-1","max-image-preview":"max-image-preview:large","max-video-preview":"max-video-preview:-1"},"canonical":"https:\/\/schneider-it.systems\/index.php\/lagerverwaltung\/","og_locale":"de_DE","og_type":"article","og_title":"krebsregistermeldung -","og_description":"ONKOREGISTRAR OnkoRegistrar ist eine Anwendung, welche die Krebsregistermeldung vereinfacht. Das System l\u00e4uft als Anwendung in Ihrer Praxisumgebung. OnkoRegistrar kann \u00fcber eine Schnittstelle auf Ihr Arztinformationssystem zugreifen und hilft Ihnen dabei, die f\u00fcr die Meldung anstehenden Patienten zu identifizieren. Alle bereits f\u00fcr die Meldung in Ihrem Arztinformationssystem vorhandenen Daten werden nach OnkoRegistrar importiert, so dass Sie nur die f\u00fcr Meldung zus\u00e4tzlich [&hellip;]","og_url":"https:\/\/schneider-it.systems\/index.php\/lagerverwaltung\/","article_modified_time":"2024-10-18T07:46:30+00:00","og_image":[{"url":"https:\/\/schneider-it.systems\/wp-content\/uploads\/2024\/10\/Diag2-1.jpg","type":"","width":"","height":""}],"twitter_card":"summary_large_image","twitter_misc":{"Gesch\u00e4tzte Lesezeit":"3\u00a0Minuten"},"schema":{"@context":"https:\/\/schema.org","@graph":[{"@type":"WebPage","@id":"https:\/\/schneider-it.systems\/index.php\/lagerverwaltung\/","url":"https:\/\/schneider-it.systems\/index.php\/lagerverwaltung\/","name":"krebsregistermeldung -","isPartOf":{"@id":"https:\/\/schneider-it.systems\/#website"},"primaryImageOfPage":{"@id":"https:\/\/schneider-it.systems\/index.php\/lagerverwaltung\/#primaryimage"},"image":{"@id":"https:\/\/schneider-it.systems\/index.php\/lagerverwaltung\/#primaryimage"},"thumbnailUrl":"https:\/\/schneider-it.systems\/wp-content\/uploads\/2024\/10\/Diag2-1.jpg","datePublished":"2020-10-07T11:10:16+00:00","dateModified":"2024-10-18T07:46:30+00:00","breadcrumb":{"@id":"https:\/\/schneider-it.systems\/index.php\/lagerverwaltung\/#breadcrumb"},"inLanguage":"de","potentialAction":[{"@type":"ReadAction","target":["https:\/\/schneider-it.systems\/index.php\/lagerverwaltung\/"]}]},{"@type":"ImageObject","inLanguage":"de","@id":"https:\/\/schneider-it.systems\/index.php\/lagerverwaltung\/#primaryimage","url":"https:\/\/schneider-it.systems\/wp-content\/uploads\/2024\/10\/Diag2-1.jpg","contentUrl":"https:\/\/schneider-it.systems\/wp-content\/uploads\/2024\/10\/Diag2-1.jpg","width":1220,"height":875},{"@type":"BreadcrumbList","@id":"https:\/\/schneider-it.systems\/index.php\/lagerverwaltung\/#breadcrumb","itemListElement":[{"@type":"ListItem","position":1,"name":"Home","item":"https:\/\/schneider-it.systems\/"},{"@type":"ListItem","position":2,"name":"krebsregistermeldung"}]},{"@type":"WebSite","@id":"https:\/\/schneider-it.systems\/#website","url":"https:\/\/schneider-it.systems\/","name":"","description":"smarte software * schnelle L\u00f6sung","potentialAction":[{"@type":"SearchAction","target":{"@type":"EntryPoint","urlTemplate":"https:\/\/schneider-it.systems\/?s={search_term_string}"},"query-input":{"@type":"PropertyValueSpecification","valueRequired":true,"valueName":"search_term_string"}}],"inLanguage":"de"}]}},"_links":{"self":[{"href":"https:\/\/schneider-it.systems\/index.php\/wp-json\/wp\/v2\/pages\/77","targetHints":{"allow":["GET"]}}],"collection":[{"href":"https:\/\/schneider-it.systems\/index.php\/wp-json\/wp\/v2\/pages"}],"about":[{"href":"https:\/\/schneider-it.systems\/index.php\/wp-json\/wp\/v2\/types\/page"}],"author":[{"embeddable":true,"href":"https:\/\/schneider-it.systems\/index.php\/wp-json\/wp\/v2\/users\/1"}],"replies":[{"embeddable":true,"href":"https:\/\/schneider-it.systems\/index.php\/wp-json\/wp\/v2\/comments?post=77"}],"version-history":[{"count":2,"href":"https:\/\/schneider-it.systems\/index.php\/wp-json\/wp\/v2\/pages\/77\/revisions"}],"predecessor-version":[{"id":240,"href":"https:\/\/schneider-it.systems\/index.php\/wp-json\/wp\/v2\/pages\/77\/revisions\/240"}],"wp:attachment":[{"href":"https:\/\/schneider-it.systems\/index.php\/wp-json\/wp\/v2\/media?parent=77"}],"curies":[{"name":"wp","href":"https:\/\/api.w.org\/{rel}","templated":true}]}}